{"id":3079,"date":"2021-03-16T06:49:52","date_gmt":"2021-03-16T06:49:52","guid":{"rendered":"https:\/\/sebetanne.co.uk\/hkblog\/?page_id=3079"},"modified":"2026-04-17T11:09:20","modified_gmt":"2026-04-17T11:09:20","slug":"city-stroll-16-02-2021","status":"publish","type":"page","link":"https:\/\/sebetanne.co.uk\/hkblog\/gallery-photos\/hong-kong\/2021-2\/city-stroll-16-02-2021\/","title":{"rendered":"City Stroll &#8211; 16-02-2021"},"content":{"rendered":"\n<p>During the February holidays, Emilie took part in a Musicals Camp. It was every morning in Central so that left me with a couple of hours to walk around. On the 16th, I took the MTR to Sai Ying Pun and walked back to Central. I spotted a few interesting things on the way.<\/p>\n\n\n\n<p class=\"has-text-align-right\"><em>Pendant les vacances de f\u00e9vrier, Emilie a particip\u00e9 \u00e0 un stage de com\u00e9die musicale, tous les matins \u00e0 Central, ce qui me laissait quelques heures pour me promener. Le 16, j&#8217;ai pris le MTR \u00e0 Sai Ying Pun et j\u2019ai march\u00e9 jusqu\u2019\u00e0 Central. J&#8217;ai rep\u00e9r\u00e9 quelques vues int\u00e9ressantes sur la route.<\/em><\/p>\n\n\n\n<p>As you can see, this part of town is very sloppy. It&#8217;s better to be up and going down!<\/p>\n\n\n\n<p class=\"has-text-align-right\"><em>Comme vous pouvez le voir, cette partie de la ville est tr\u00e8s pentue. Il vaut mieux \u00eatre en haut et descendre !<\/em><\/p>\n\n\n\n<figure class=\"wp-block-gallery aligncenter columns-3 is-cropped wp-block-gallery-1 is-layout-flex wp-block-gallery-is-layout-flex\"><ul class=\"blocks-gallery-grid\"><li class=\"blocks-gallery-item\"><figure><a href=\"https:\/\/sebetanne.co.uk\/hkblog\/wp-content\/uploads\/2021\/03\/20210216_120909-scaled.jpg\"><img loading=\"lazy\" decoding=\"async\" width=\"768\" height=\"1024\" src=\"https:\/\/sebetanne.co.uk\/hkblog\/wp-content\/uploads\/2021\/03\/20210216_120909-768x1024.jpg\" alt=\"\" data-id=\"3084\" data-full-url=\"https:\/\/sebetanne.co.uk\/hkblog\/wp-content\/uploads\/2021\/03\/20210216_120909-scaled.jpg\" data-link=\"https:\/\/sebetanne.co.uk\/hkblog\/gallery-photos\/2021-2\/city-stroll-16-02-2021\/20210216_120909\/\" class=\"wp-image-3084\" srcset=\"https:\/\/sebetanne.co.uk\/hkblog\/wp-content\/uploads\/2021\/03\/20210216_120909-768x1024.jpg 768w, https:\/\/sebetanne.co.uk\/hkblog\/wp-content\/uploads\/2021\/03\/20210216_120909-225x300.jpg 225w, https:\/\/sebetanne.co.uk\/hkblog\/wp-content\/uploads\/2021\/03\/20210216_120909-1152x1536.jpg 1152w, https:\/\/sebetanne.co.uk\/hkblog\/wp-content\/uploads\/2021\/03\/20210216_120909-1536x2048.jpg 1536w, https:\/\/sebetanne.co.uk\/hkblog\/wp-content\/uploads\/2021\/03\/20210216_120909-scaled.jpg 1920w\" sizes=\"auto, (max-width: 768px) 100vw, 768px\" \/><\/a><figcaption class=\"blocks-gallery-item__caption\">Shing Wong St<\/figcaption><\/figure><\/li><li class=\"blocks-gallery-item\"><figure><a href=\"https:\/\/sebetanne.co.uk\/hkblog\/wp-content\/uploads\/2021\/03\/20210216_121121-scaled.jpg\"><img loading=\"lazy\" decoding=\"async\" width=\"768\" height=\"1024\" src=\"https:\/\/sebetanne.co.uk\/hkblog\/wp-content\/uploads\/2021\/03\/20210216_121121-768x1024.jpg\" alt=\"\" data-id=\"3085\" data-full-url=\"https:\/\/sebetanne.co.uk\/hkblog\/wp-content\/uploads\/2021\/03\/20210216_121121-scaled.jpg\" data-link=\"https:\/\/sebetanne.co.uk\/hkblog\/gallery-photos\/2021-2\/city-stroll-16-02-2021\/20210216_121121\/\" class=\"wp-image-3085\" srcset=\"https:\/\/sebetanne.co.uk\/hkblog\/wp-content\/uploads\/2021\/03\/20210216_121121-768x1024.jpg 768w, https:\/\/sebetanne.co.uk\/hkblog\/wp-content\/uploads\/2021\/03\/20210216_121121-225x300.jpg 225w, https:\/\/sebetanne.co.uk\/hkblog\/wp-content\/uploads\/2021\/03\/20210216_121121-1152x1536.jpg 1152w, https:\/\/sebetanne.co.uk\/hkblog\/wp-content\/uploads\/2021\/03\/20210216_121121-1536x2048.jpg 1536w, https:\/\/sebetanne.co.uk\/hkblog\/wp-content\/uploads\/2021\/03\/20210216_121121-scaled.jpg 1920w\" sizes=\"auto, (max-width: 768px) 100vw, 768px\" \/><\/a><figcaption class=\"blocks-gallery-item__caption\">Dr Sun Yat Sen Museum<\/figcaption><\/figure><\/li><li class=\"blocks-gallery-item\"><figure><a href=\"https:\/\/sebetanne.co.uk\/hkblog\/wp-content\/uploads\/2021\/03\/20210216_121202-scaled.jpg\"><img loading=\"lazy\" decoding=\"async\" width=\"768\" height=\"1024\" src=\"https:\/\/sebetanne.co.uk\/hkblog\/wp-content\/uploads\/2021\/03\/20210216_121202-768x1024.jpg\" alt=\"\" data-id=\"3086\" data-full-url=\"https:\/\/sebetanne.co.uk\/hkblog\/wp-content\/uploads\/2021\/03\/20210216_121202-scaled.jpg\" data-link=\"https:\/\/sebetanne.co.uk\/hkblog\/gallery-photos\/2021-2\/city-stroll-16-02-2021\/20210216_121202\/\" class=\"wp-image-3086\" srcset=\"https:\/\/sebetanne.co.uk\/hkblog\/wp-content\/uploads\/2021\/03\/20210216_121202-768x1024.jpg 768w, https:\/\/sebetanne.co.uk\/hkblog\/wp-content\/uploads\/2021\/03\/20210216_121202-225x300.jpg 225w, https:\/\/sebetanne.co.uk\/hkblog\/wp-content\/uploads\/2021\/03\/20210216_121202-1152x1536.jpg 1152w, https:\/\/sebetanne.co.uk\/hkblog\/wp-content\/uploads\/2021\/03\/20210216_121202-1536x2048.jpg 1536w, https:\/\/sebetanne.co.uk\/hkblog\/wp-content\/uploads\/2021\/03\/20210216_121202-scaled.jpg 1920w\" sizes=\"auto, (max-width: 768px) 100vw, 768px\" \/><\/a><\/figure><\/li><\/ul><\/figure>\n\n\n\n<p>I saw a couple of beautiful murals that you can also see in the <a href=\"https:\/\/sebetanne.co.uk\/hkblog\/gallery-photos\/murals\/\" data-type=\"page\" data-id=\"1733\">Murals<\/a> page:<\/p>\n\n\n\n<p class=\"has-text-align-right\"><em>J&#8217;ai vu quelques belles peintures murales que vous pouvez \u00e9galement voir dans la page <a href=\"https:\/\/sebetanne.co.uk\/hkblog\/gallery-photos\/murals\/\" data-type=\"page\" data-id=\"1733\">Murals<\/a> :<\/em><\/p>\n\n\n\n<figure class=\"wp-block-gallery aligncenter columns-2 is-cropped wp-block-gallery-2 is-layout-flex wp-block-gallery-is-layout-flex\"><ul class=\"blocks-gallery-grid\"><li class=\"blocks-gallery-item\"><figure><a href=\"https:\/\/sebetanne.co.uk\/hkblog\/wp-content\/uploads\/2021\/03\/20210216_120622-scaled.jpg\"><img loading=\"lazy\" decoding=\"async\" width=\"1024\" height=\"768\" src=\"https:\/\/sebetanne.co.uk\/hkblog\/wp-content\/uploads\/2021\/03\/20210216_120622-1024x768.jpg\" alt=\"\" data-id=\"3087\" data-full-url=\"https:\/\/sebetanne.co.uk\/hkblog\/wp-content\/uploads\/2021\/03\/20210216_120622-scaled.jpg\" data-link=\"https:\/\/sebetanne.co.uk\/hkblog\/gallery-photos\/2021-2\/city-stroll-16-02-2021\/20210216_120622\/\" class=\"wp-image-3087\" srcset=\"https:\/\/sebetanne.co.uk\/hkblog\/wp-content\/uploads\/2021\/03\/20210216_120622-1024x768.jpg 1024w, https:\/\/sebetanne.co.uk\/hkblog\/wp-content\/uploads\/2021\/03\/20210216_120622-300x225.jpg 300w, https:\/\/sebetanne.co.uk\/hkblog\/wp-content\/uploads\/2021\/03\/20210216_120622-768x576.jpg 768w, https:\/\/sebetanne.co.uk\/hkblog\/wp-content\/uploads\/2021\/03\/20210216_120622-1536x1152.jpg 1536w, https:\/\/sebetanne.co.uk\/hkblog\/wp-content\/uploads\/2021\/03\/20210216_120622-2048x1536.jpg 2048w\" sizes=\"auto, (max-width: 1024px) 100vw, 1024px\" \/><\/a><\/figure><\/li><li class=\"blocks-gallery-item\"><figure><a href=\"https:\/\/sebetanne.co.uk\/hkblog\/wp-content\/uploads\/2021\/03\/20210216_121855-scaled.jpg\"><img loading=\"lazy\" decoding=\"async\" width=\"1024\" height=\"768\" src=\"https:\/\/sebetanne.co.uk\/hkblog\/wp-content\/uploads\/2021\/03\/20210216_121855-1024x768.jpg\" alt=\"\" data-id=\"3088\" data-full-url=\"https:\/\/sebetanne.co.uk\/hkblog\/wp-content\/uploads\/2021\/03\/20210216_121855-scaled.jpg\" data-link=\"https:\/\/sebetanne.co.uk\/hkblog\/gallery-photos\/2021-2\/city-stroll-16-02-2021\/20210216_121855\/\" class=\"wp-image-3088\" srcset=\"https:\/\/sebetanne.co.uk\/hkblog\/wp-content\/uploads\/2021\/03\/20210216_121855-1024x768.jpg 1024w, https:\/\/sebetanne.co.uk\/hkblog\/wp-content\/uploads\/2021\/03\/20210216_121855-300x225.jpg 300w, https:\/\/sebetanne.co.uk\/hkblog\/wp-content\/uploads\/2021\/03\/20210216_121855-768x576.jpg 768w, https:\/\/sebetanne.co.uk\/hkblog\/wp-content\/uploads\/2021\/03\/20210216_121855-1536x1152.jpg 1536w, https:\/\/sebetanne.co.uk\/hkblog\/wp-content\/uploads\/2021\/03\/20210216_121855-2048x1536.jpg 2048w\" sizes=\"auto, (max-width: 1024px) 100vw, 1024px\" \/><\/a><\/figure><\/li><\/ul><\/figure>\n\n\n\n<p>I also met a little Chinese man at the entrance of a restaurant and he put a smile on my face!<\/p>\n\n\n\n<p class=\"has-text-align-right\"><em>J&#8217;ai aussi rencontr\u00e9 un petit chinois \u00e0 l&#8217;entr\u00e9e d&#8217;un restaurant, il m&#8217;a fait sourire !<\/em><\/p>\n\n\n\n<figure class=\"wp-block-gallery aligncenter columns-1 is-cropped wp-block-gallery-3 is-layout-flex wp-block-gallery-is-layout-flex\"><ul class=\"blocks-gallery-grid\"><li class=\"blocks-gallery-item\"><figure><a href=\"https:\/\/sebetanne.co.uk\/hkblog\/wp-content\/uploads\/2021\/03\/20210216_121624-scaled.jpg\"><img loading=\"lazy\" decoding=\"async\" width=\"768\" height=\"1024\" src=\"https:\/\/sebetanne.co.uk\/hkblog\/wp-content\/uploads\/2021\/03\/20210216_121624-768x1024.jpg\" alt=\"\" data-id=\"3096\" data-full-url=\"https:\/\/sebetanne.co.uk\/hkblog\/wp-content\/uploads\/2021\/03\/20210216_121624-scaled.jpg\" data-link=\"https:\/\/sebetanne.co.uk\/hkblog\/gallery-photos\/2021-2\/city-stroll-16-02-2021\/20210216_121624\/\" class=\"wp-image-3096\" srcset=\"https:\/\/sebetanne.co.uk\/hkblog\/wp-content\/uploads\/2021\/03\/20210216_121624-768x1024.jpg 768w, https:\/\/sebetanne.co.uk\/hkblog\/wp-content\/uploads\/2021\/03\/20210216_121624-225x300.jpg 225w, https:\/\/sebetanne.co.uk\/hkblog\/wp-content\/uploads\/2021\/03\/20210216_121624-1152x1536.jpg 1152w, https:\/\/sebetanne.co.uk\/hkblog\/wp-content\/uploads\/2021\/03\/20210216_121624-1536x2048.jpg 1536w, https:\/\/sebetanne.co.uk\/hkblog\/wp-content\/uploads\/2021\/03\/20210216_121624-scaled.jpg 1920w\" sizes=\"auto, (max-width: 768px) 100vw, 768px\" \/><\/a><\/figure><\/li><\/ul><\/figure>\n\n\n\n<p>And if you are thirsty, I think you should come here:<\/p>\n\n\n\n<p class=\"has-text-align-right\"><em>Et si vous avez soif, je pense que vous devriez venir ici :<\/em><\/p>\n\n\n\n<figure class=\"wp-block-gallery aligncenter columns-1 is-cropped wp-block-gallery-4 is-layout-flex wp-block-gallery-is-layout-flex\"><ul class=\"blocks-gallery-grid\"><li class=\"blocks-gallery-item\"><figure><a href=\"https:\/\/sebetanne.co.uk\/hkblog\/wp-content\/uploads\/2021\/03\/20210216_123035-scaled.jpg\"><img loading=\"lazy\" decoding=\"async\" width=\"1024\" height=\"768\" src=\"https:\/\/sebetanne.co.uk\/hkblog\/wp-content\/uploads\/2021\/03\/20210216_123035-1024x768.jpg\" alt=\"\" data-id=\"3097\" data-full-url=\"https:\/\/sebetanne.co.uk\/hkblog\/wp-content\/uploads\/2021\/03\/20210216_123035-scaled.jpg\" data-link=\"https:\/\/sebetanne.co.uk\/hkblog\/gallery-photos\/2021-2\/city-stroll-16-02-2021\/20210216_123035\/\" class=\"wp-image-3097\" srcset=\"https:\/\/sebetanne.co.uk\/hkblog\/wp-content\/uploads\/2021\/03\/20210216_123035-1024x768.jpg 1024w, https:\/\/sebetanne.co.uk\/hkblog\/wp-content\/uploads\/2021\/03\/20210216_123035-300x225.jpg 300w, https:\/\/sebetanne.co.uk\/hkblog\/wp-content\/uploads\/2021\/03\/20210216_123035-768x576.jpg 768w, https:\/\/sebetanne.co.uk\/hkblog\/wp-content\/uploads\/2021\/03\/20210216_123035-1536x1152.jpg 1536w, https:\/\/sebetanne.co.uk\/hkblog\/wp-content\/uploads\/2021\/03\/20210216_123035-2048x1536.jpg 2048w\" sizes=\"auto, (max-width: 1024px) 100vw, 1024px\" \/><\/a><figcaption class=\"blocks-gallery-item__caption\"><em>Cocktail au robinet<\/em><\/figcaption><\/figure><\/li><\/ul><\/figure>\n","protected":false},"excerpt":{"rendered":"<p>During the February holidays, Emilie took part in a Musicals Camp. It was every morning in Central so that left[&#8230;]<\/p>\n","protected":false},"author":1,"featured_media":3080,"parent":2857,"menu_order":4,"comment_status":"closed","ping_status":"closed","template":"template-fullwidth.php","meta":{"footnotes":""},"class_list":["post-3079","page","type-page","status-publish","has-post-thumbnail","hentry"],"post_mailing_queue_ids":[],"_links":{"self":[{"href":"https:\/\/sebetanne.co.uk\/hkblog\/wp-json\/wp\/v2\/pages\/3079","targetHints":{"allow":["GET"]}}],"collection":[{"href":"https:\/\/sebetanne.co.uk\/hkblog\/wp-json\/wp\/v2\/pages"}],"about":[{"href":"https:\/\/sebetanne.co.uk\/hkblog\/wp-json\/wp\/v2\/types\/page"}],"author":[{"embeddable":true,"href":"https:\/\/sebetanne.co.uk\/hkblog\/wp-json\/wp\/v2\/users\/1"}],"replies":[{"embeddable":true,"href":"https:\/\/sebetanne.co.uk\/hkblog\/wp-json\/wp\/v2\/comments?post=3079"}],"version-history":[{"count":5,"href":"https:\/\/sebetanne.co.uk\/hkblog\/wp-json\/wp\/v2\/pages\/3079\/revisions"}],"predecessor-version":[{"id":3194,"href":"https:\/\/sebetanne.co.uk\/hkblog\/wp-json\/wp\/v2\/pages\/3079\/revisions\/3194"}],"up":[{"embeddable":true,"href":"https:\/\/sebetanne.co.uk\/hkblog\/wp-json\/wp\/v2\/pages\/2857"}],"wp:featuredmedia":[{"embeddable":true,"href":"https:\/\/sebetanne.co.uk\/hkblog\/wp-json\/wp\/v2\/media\/3080"}],"wp:attachment":[{"href":"https:\/\/sebetanne.co.uk\/hkblog\/wp-json\/wp\/v2\/media?parent=3079"}],"curies":[{"name":"wp","href":"https:\/\/api.w.org\/{rel}","templated":true}]}}