{"id":1669,"date":"2019-03-25T13:48:23","date_gmt":"2019-03-25T13:48:23","guid":{"rendered":"http:\/\/sebetanne.co.uk\/hkblog\/?page_id=1669"},"modified":"2026-04-17T11:07:37","modified_gmt":"2026-04-17T11:07:37","slug":"ocean-park-12-02-2019","status":"publish","type":"page","link":"https:\/\/sebetanne.co.uk\/hkblog\/gallery-photos\/hong-kong\/2019-january-to-june\/ocean-park-12-02-2019\/","title":{"rendered":"Ocean Park &#8211; 12-02-2019"},"content":{"rendered":"\n<p>We finally went to Ocean Park. Emilie has been asking to go since we arrived in August. I thought there would be less people as most schools had only one week of holiday. But still, we arrived at 10 when it opened. We had a bit of trouble finding the ticket office and then we were in! Click <a href=\"https:\/\/media.oceanpark.com.hk\/files\/s3fs-public\/en-guide-map-download.jpg\">here<\/a> for a map of the park.<\/p>\n\n\n\n<p style=\"text-align:right\"><em>Nous sommes finalement all\u00e9s \u00e0 Ocean Park. Emilie voulait y aller depuis notre arriv\u00e9e en ao\u00fbt. Je pensais qu&#8217;il y aurait moins de monde, la plupart des \u00e9coles n&#8217;ayant qu&#8217;une semaine de vacances. Nous sommes quand m\u00eame arriv\u00e9s \u00e0 10 heures \u00e0 l\u2019ouverture. Nous avons eu un peu de mal \u00e0 trouver la billetterie. Mais apr\u00e8s, \u00e0 nous l\u2019aventure ! Cliquez <a href=\"https:\/\/media.oceanpark.com.hk\/files\/s3fs-public\/en-guide-map-download.jpg\">ici<\/a> pour une carte du parc.<\/em><\/p>\n\n\n\n<figure class=\"wp-block-image\"><a href=\"blob:https:\/\/sebetanne.co.uk\/c5b7514c-cdb5-46af-849c-08755bf8f469\"><img loading=\"lazy\" decoding=\"async\" width=\"1024\" height=\"768\" src=\"https:\/\/sebetanne.co.uk\/hkblog\/wp-content\/uploads\/2019\/03\/20190212_073-EFFECTS-1024x768.jpg\" alt=\"\" class=\"wp-image-1672\" srcset=\"https:\/\/sebetanne.co.uk\/hkblog\/wp-content\/uploads\/2019\/03\/20190212_073-EFFECTS-1024x768.jpg 1024w, https:\/\/sebetanne.co.uk\/hkblog\/wp-content\/uploads\/2019\/03\/20190212_073-EFFECTS-300x225.jpg 300w, https:\/\/sebetanne.co.uk\/hkblog\/wp-content\/uploads\/2019\/03\/20190212_073-EFFECTS-768x576.jpg 768w\" sizes=\"auto, (max-width: 1024px) 100vw, 1024px\" \/><\/a><\/figure>\n\n\n\n<p>The park is divided into 2 areas: at the bottom, near the entrance, there are animals and attractions for the little ones; at the top, the attractions are scarier. And that&#8217;s where Alex wanted to go. There are 2 ways to go up: cable car or &#8216;Ocean Express&#8217; (i.e. an underground train that takes 5 minutes).<\/p>\n\n\n\n<p style=\"text-align:right\"><em>Le parc est divis\u00e9 en 2 : en bas, pr\u00e8s de l&#8217;entr\u00e9e, il y a des animaux et des attractions pour les plus petits; au sommet, les attractions sont plus sensasionnelles. Et c\u2019est l\u00e0 qu\u2019Alex voulait aller. Il y a 2 fa\u00e7ons de monter: en t\u00e9l\u00e9ph\u00e9rique ou avec l\u2019\u2018Ocean Express\u2019 (c\u2019est-\u00e0-dire un m\u00e9tro qui prend 5 minutes).<\/em><\/p>\n\n\n\n<figure class=\"wp-block-image\"><a href=\"blob:https:\/\/sebetanne.co.uk\/5579db93-3caf-4536-a087-235f8d8ca52a\"><img loading=\"lazy\" decoding=\"async\" width=\"1024\" height=\"768\" src=\"https:\/\/sebetanne.co.uk\/hkblog\/wp-content\/uploads\/2019\/03\/20190212_074-1024x768.jpg\" alt=\"\" class=\"wp-image-1673\" srcset=\"https:\/\/sebetanne.co.uk\/hkblog\/wp-content\/uploads\/2019\/03\/20190212_074-1024x768.jpg 1024w, https:\/\/sebetanne.co.uk\/hkblog\/wp-content\/uploads\/2019\/03\/20190212_074-300x225.jpg 300w, https:\/\/sebetanne.co.uk\/hkblog\/wp-content\/uploads\/2019\/03\/20190212_074-768x576.jpg 768w\" sizes=\"auto, (max-width: 1024px) 100vw, 1024px\" \/><\/a><figcaption>Decoration on the Ocean Express platform \/ <em>D\u00e9coration sur le quai de l\u2019Ocean Express<\/em><\/figcaption><\/figure>\n\n\n\n<p>The park is divided in zones. The decoration of each zone corresponds to the theme. The first zone we went to was the &#8216;Polar Adventure&#8217;. All was white and blue.  We started by the &#8216;Arctic Blast&#8217;, a roller coaster.  Not too scary, but good. Then we went to the bumper cars. We waited for nearly an hour. I had time to understand how the app was working during this time! After that, we went to see the arctic animals: penguins, walruses, seals. It was very cold inside and it smelt very strongly of fish!<\/p>\n\n\n\n<p style=\"text-align:right\"><em>Le parc est divis\u00e9 en zones. La d\u00e9coration de chaque zone correspond au th\u00e8me. La premi\u00e8re zone o\u00f9 nous sommes all\u00e9s \u00e9tait l\u2019aventure polaire. Tout \u00e9tait blanc et bleu. Nous avons commenc\u00e9 par l\u2019\u2018Arctic Blast\u2019, une montagne russe, pas trop effrayante, mais bien quand m\u00eame. Ensuite, nous sommes all\u00e9s aux autos tamponneuses. Nous avons attendu pr\u00e8s d&#8217;une heure. Pendant ce temps, j&#8217;ai pris le temps de comprendre comment marchait l&#8217;appli du parc ! Apr\u00e8s cela, nous sommes all\u00e9s voir les animaux arctiques: manchots, morses, phoques. Il faisait tr\u00e8s froid \u00e0 l&#8217;int\u00e9rieur et \u00e7a sentait tr\u00e8s fort le poisson !<\/em><\/p>\n\n\n\n<figure class=\"wp-block-image\"><a href=\"blob:https:\/\/sebetanne.co.uk\/e3a70aef-13bc-4c58-947b-cfde300af8f5\"><img loading=\"lazy\" decoding=\"async\" width=\"1024\" height=\"768\" src=\"https:\/\/sebetanne.co.uk\/hkblog\/wp-content\/uploads\/2019\/03\/20190212_077-1024x768.jpg\" alt=\"\" class=\"wp-image-1675\" srcset=\"https:\/\/sebetanne.co.uk\/hkblog\/wp-content\/uploads\/2019\/03\/20190212_077-1024x768.jpg 1024w, https:\/\/sebetanne.co.uk\/hkblog\/wp-content\/uploads\/2019\/03\/20190212_077-300x225.jpg 300w, https:\/\/sebetanne.co.uk\/hkblog\/wp-content\/uploads\/2019\/03\/20190212_077-768x576.jpg 768w\" sizes=\"auto, (max-width: 1024px) 100vw, 1024px\" \/><\/a><figcaption>Penguins \/ Pingouins<\/figcaption><\/figure>\n\n\n\n<figure class=\"wp-block-image\"><a href=\"blob:https:\/\/sebetanne.co.uk\/8db36601-f539-4ad5-8222-561316405b44\"><img loading=\"lazy\" decoding=\"async\" width=\"1024\" height=\"768\" src=\"https:\/\/sebetanne.co.uk\/hkblog\/wp-content\/uploads\/2019\/03\/20190212_079_Emilie-1024x768.jpg\" alt=\"\" class=\"wp-image-1677\" srcset=\"https:\/\/sebetanne.co.uk\/hkblog\/wp-content\/uploads\/2019\/03\/20190212_079_Emilie-1024x768.jpg 1024w, https:\/\/sebetanne.co.uk\/hkblog\/wp-content\/uploads\/2019\/03\/20190212_079_Emilie-300x225.jpg 300w, https:\/\/sebetanne.co.uk\/hkblog\/wp-content\/uploads\/2019\/03\/20190212_079_Emilie-768x576.jpg 768w\" sizes=\"auto, (max-width: 1024px) 100vw, 1024px\" \/><\/a><figcaption>They are not real foxes! \/ <em>Ce ne sont pas de vrais renards !<\/em><\/figcaption><\/figure>\n\n\n\n<figure class=\"wp-block-image\"><a href=\"blob:https:\/\/sebetanne.co.uk\/5d88b41d-a6ff-429d-9bfe-742e93486a5d\"><img loading=\"lazy\" decoding=\"async\" width=\"1024\" height=\"768\" src=\"https:\/\/sebetanne.co.uk\/hkblog\/wp-content\/uploads\/2019\/03\/20190212_082-1024x768.jpg\" alt=\"\" class=\"wp-image-1676\" srcset=\"https:\/\/sebetanne.co.uk\/hkblog\/wp-content\/uploads\/2019\/03\/20190212_082-1024x768.jpg 1024w, https:\/\/sebetanne.co.uk\/hkblog\/wp-content\/uploads\/2019\/03\/20190212_082-300x225.jpg 300w, https:\/\/sebetanne.co.uk\/hkblog\/wp-content\/uploads\/2019\/03\/20190212_082-768x576.jpg 768w\" sizes=\"auto, (max-width: 1024px) 100vw, 1024px\" \/><\/a><figcaption>I&#8217;d never seen a live walrus before. It&#8217;s huge! \/ <em>Je n\u2019avais jamais vu de morse vivant auparavant. Ils sont \u00e9normes !<\/em><\/figcaption><\/figure>\n\n\n\n<figure class=\"wp-block-image\"><a href=\"blob:https:\/\/sebetanne.co.uk\/164640f4-1460-46ca-96bf-c0b8caf007bb\"><img loading=\"lazy\" decoding=\"async\" width=\"1024\" height=\"768\" src=\"https:\/\/sebetanne.co.uk\/hkblog\/wp-content\/uploads\/2019\/03\/20190212_083-1024x768.jpg\" alt=\"\" class=\"wp-image-1678\" srcset=\"https:\/\/sebetanne.co.uk\/hkblog\/wp-content\/uploads\/2019\/03\/20190212_083-1024x768.jpg 1024w, https:\/\/sebetanne.co.uk\/hkblog\/wp-content\/uploads\/2019\/03\/20190212_083-300x225.jpg 300w, https:\/\/sebetanne.co.uk\/hkblog\/wp-content\/uploads\/2019\/03\/20190212_083-768x576.jpg 768w\" sizes=\"auto, (max-width: 1024px) 100vw, 1024px\" \/><\/a><figcaption>A kiss \/ Un bisous<\/figcaption><\/figure>\n\n\n\n<figure class=\"wp-block-image\"><a href=\"blob:https:\/\/sebetanne.co.uk\/a5b93833-5e24-45b8-bdd4-b836b1a124d2\"><img loading=\"lazy\" decoding=\"async\" width=\"1024\" height=\"768\" src=\"https:\/\/sebetanne.co.uk\/hkblog\/wp-content\/uploads\/2019\/03\/20190212_084_Emilie-Alex-1024x768.jpg\" alt=\"\" class=\"wp-image-1687\" srcset=\"https:\/\/sebetanne.co.uk\/hkblog\/wp-content\/uploads\/2019\/03\/20190212_084_Emilie-Alex-1024x768.jpg 1024w, https:\/\/sebetanne.co.uk\/hkblog\/wp-content\/uploads\/2019\/03\/20190212_084_Emilie-Alex-300x225.jpg 300w, https:\/\/sebetanne.co.uk\/hkblog\/wp-content\/uploads\/2019\/03\/20190212_084_Emilie-Alex-768x576.jpg 768w\" sizes=\"auto, (max-width: 1024px) 100vw, 1024px\" \/><\/a><\/figure>\n\n\n\n<p>We went back in the heat after that. We explored another zone, &#8216;Marine World&#8217;. We went on the &#8216;Crazy galleon&#8217;, a boat that rocked a bit too much for me. I did it once and then the kids did it alone. I was happy to take pictures from the side! <\/p>\n\n\n\n<p style=\"text-align:right\"><em>Nous sommes revenus dans la chaleur apr\u00e8s \u00e7a. Nous avons explor\u00e9 une autre zone, \u2018Marine World\u2019. Nous sommes all\u00e9s sur le \u2018Crazy Galion\u2019, un bateau qui balance un petit peu trop pour mon go\u00fbt. Je l&#8217;ai fait une fois et ensuite les enfants l&#8217;ont fait seuls. J&#8217;\u00e9tais contente de prendre les photos !<\/em><\/p>\n\n\n\n<figure class=\"wp-block-image\"><a href=\"blob:https:\/\/sebetanne.co.uk\/7ff3461b-e77c-4eba-a340-ee7f2eb85ce5\"><img loading=\"lazy\" decoding=\"async\" width=\"768\" height=\"1024\" src=\"https:\/\/sebetanne.co.uk\/hkblog\/wp-content\/uploads\/2019\/03\/20190212_085_Emilie-Alex-768x1024.jpg\" alt=\"\" class=\"wp-image-1679\" srcset=\"https:\/\/sebetanne.co.uk\/hkblog\/wp-content\/uploads\/2019\/03\/20190212_085_Emilie-Alex-768x1024.jpg 768w, https:\/\/sebetanne.co.uk\/hkblog\/wp-content\/uploads\/2019\/03\/20190212_085_Emilie-Alex-225x300.jpg 225w\" sizes=\"auto, (max-width: 768px) 100vw, 768px\" \/><\/a><figcaption>Can you spot Alex and Emilie? \/ <em>Pouvez-vous rep\u00e9rer Alex et Emilie <\/em>?<\/figcaption><\/figure>\n\n\n\n<p>Alex wanted to do a super roller coaster called &#8216;The Dragon&#8217;. Thank god, Emilie was too small for it so I had a good excuse not to do this one! We went to the &#8216;Flying Swings&#8217; instead. Much more my kind of thrill! Alex joined us and had a go at it as well.<\/p>\n\n\n\n<p style=\"text-align:right\"><em>Alex voulait faire un super roller coaster appel\u00e9 \u2018The Dragon\u2019. Dieu merci, Emilie \u00e9tait trop petite alors j&#8217;avais une bonne excuse pour ne pas le faire ! Nous sommes all\u00e9es au \u2018Flying Swings\u2019 \u00e0 la place. Beaucoup plus mon genre ! Alex nous a rejointes et a fait un tour avec Emilie.<\/em><\/p>\n\n\n\n<figure class=\"wp-block-image\"><a href=\"blob:https:\/\/sebetanne.co.uk\/4821ef0c-94f2-4de4-81c1-c96dec16ae9d\"><img loading=\"lazy\" decoding=\"async\" width=\"1024\" height=\"768\" src=\"https:\/\/sebetanne.co.uk\/hkblog\/wp-content\/uploads\/2019\/03\/20190212_086_Emilie-Alex-1024x768.jpg\" alt=\"\" class=\"wp-image-1681\" srcset=\"https:\/\/sebetanne.co.uk\/hkblog\/wp-content\/uploads\/2019\/03\/20190212_086_Emilie-Alex-1024x768.jpg 1024w, https:\/\/sebetanne.co.uk\/hkblog\/wp-content\/uploads\/2019\/03\/20190212_086_Emilie-Alex-300x225.jpg 300w, https:\/\/sebetanne.co.uk\/hkblog\/wp-content\/uploads\/2019\/03\/20190212_086_Emilie-Alex-768x576.jpg 768w\" sizes=\"auto, (max-width: 1024px) 100vw, 1024px\" \/><\/a><\/figure>\n\n\n\n<p>It was time to have a bite. We had the worst meal ever. I wasn&#8217;t very surprised by the appalling quality of the food. A few chips and a pizza that could have been a shoe sole. Surprisingly, I found a fresh fruit salad! After that, the attractions that Alex wanted to do were very crowded, so we decided to go and see some of the animals hoping that there would be less queue a couple hours later. We saw the sharks, jelly fish, pandas, rain forest birds and reptiles (Alex was not very comfortable with spiders!)<\/p>\n\n\n\n<p style=\"text-align:right\"><em>Il \u00e9tait temps de manger un morceau. La nourriture \u00e9tait \u00e9pouvantable. Je n\u2019en ai pas \u00e9t\u00e9 tr\u00e8s surprise. Quelques frites et une pizza qui aurait pu servir de semelle de chaussure. Mais, \u00e9tonnamment, j&#8217;ai trouv\u00e9 une salade de fruits frais ! Apr\u00e8s cela, les attractions il y avait beaucoup d\u2019attente pour les attractions qu\u2019Alex souhaitait faire. Nous avons donc d\u00e9cid\u00e9 d&#8217;aller voir les animaux en esp\u00e9rant qu&#8217;il y aurait moins d&#8217;attente quelques heures plus tard. Nous avons vu des requins, des m\u00e9duses, des pandas, des oiseaux de la for\u00eat vierge et des reptiles (Alex n&#8217;\u00e9tait pas tr\u00e8s \u00e0 l&#8217;aise avec les araign\u00e9es !)<\/em><\/p>\n\n\n\n<figure class=\"wp-block-image\"><a href=\"blob:https:\/\/sebetanne.co.uk\/c42ded04-2239-436e-8d07-e3823151edb5\"><img loading=\"lazy\" decoding=\"async\" width=\"768\" height=\"1024\" src=\"https:\/\/sebetanne.co.uk\/hkblog\/wp-content\/uploads\/2019\/03\/20190212_087-768x1024.jpg\" alt=\"\" class=\"wp-image-1682\" srcset=\"https:\/\/sebetanne.co.uk\/hkblog\/wp-content\/uploads\/2019\/03\/20190212_087-768x1024.jpg 768w, https:\/\/sebetanne.co.uk\/hkblog\/wp-content\/uploads\/2019\/03\/20190212_087-225x300.jpg 225w\" sizes=\"auto, (max-width: 768px) 100vw, 768px\" \/><\/a><\/figure>\n\n\n\n<figure class=\"wp-block-image\"><a href=\"blob:https:\/\/sebetanne.co.uk\/1b16c8d3-08c8-4b28-a112-3c0af8c4e4cf\"><img loading=\"lazy\" decoding=\"async\" width=\"1024\" height=\"768\" src=\"https:\/\/sebetanne.co.uk\/hkblog\/wp-content\/uploads\/2019\/03\/20190212_088-1024x768.jpg\" alt=\"\" class=\"wp-image-1683\" srcset=\"https:\/\/sebetanne.co.uk\/hkblog\/wp-content\/uploads\/2019\/03\/20190212_088-1024x768.jpg 1024w, https:\/\/sebetanne.co.uk\/hkblog\/wp-content\/uploads\/2019\/03\/20190212_088-300x225.jpg 300w, https:\/\/sebetanne.co.uk\/hkblog\/wp-content\/uploads\/2019\/03\/20190212_088-768x576.jpg 768w\" sizes=\"auto, (max-width: 1024px) 100vw, 1024px\" \/><\/a><figcaption>Alex said they were gangsters playing poker! \/ A<em>lex : \u00ab ce sont des gangsters qui jouent au poker ! \u00bb<\/em><\/figcaption><\/figure>\n\n\n\n<figure class=\"wp-block-image\"><a href=\"blob:https:\/\/sebetanne.co.uk\/7520aefa-f6bb-40fe-a7f8-d1f05491ab53\"><img loading=\"lazy\" decoding=\"async\" width=\"1024\" height=\"768\" src=\"https:\/\/sebetanne.co.uk\/hkblog\/wp-content\/uploads\/2019\/03\/20190212_095-1024x768.jpg\" alt=\"\" class=\"wp-image-1684\" srcset=\"https:\/\/sebetanne.co.uk\/hkblog\/wp-content\/uploads\/2019\/03\/20190212_095-1024x768.jpg 1024w, https:\/\/sebetanne.co.uk\/hkblog\/wp-content\/uploads\/2019\/03\/20190212_095-300x225.jpg 300w, https:\/\/sebetanne.co.uk\/hkblog\/wp-content\/uploads\/2019\/03\/20190212_095-768x576.jpg 768w\" sizes=\"auto, (max-width: 1024px) 100vw, 1024px\" \/><\/a><\/figure>\n\n\n\n<figure class=\"wp-block-image\"><a href=\"blob:https:\/\/sebetanne.co.uk\/41cbdde9-debb-4917-aab9-95a3b7ab7ca5\"><img loading=\"lazy\" decoding=\"async\" width=\"1024\" height=\"768\" src=\"https:\/\/sebetanne.co.uk\/hkblog\/wp-content\/uploads\/2019\/03\/20190212_097-1024x768.jpg\" alt=\"\" class=\"wp-image-1685\" srcset=\"https:\/\/sebetanne.co.uk\/hkblog\/wp-content\/uploads\/2019\/03\/20190212_097-1024x768.jpg 1024w, https:\/\/sebetanne.co.uk\/hkblog\/wp-content\/uploads\/2019\/03\/20190212_097-300x225.jpg 300w, https:\/\/sebetanne.co.uk\/hkblog\/wp-content\/uploads\/2019\/03\/20190212_097-768x576.jpg 768w\" sizes=\"auto, (max-width: 1024px) 100vw, 1024px\" \/><\/a><figcaption>The jelly fish displays were mesmerising \/ <em>Les m\u00e9duses \u00e9taient spectaculaires<\/em><\/figcaption><\/figure>\n\n\n\n<figure class=\"wp-block-image\"><a href=\"blob:https:\/\/sebetanne.co.uk\/c4a3c57b-b4c6-4f7a-9177-94958c4390e7\"><img loading=\"lazy\" decoding=\"async\" width=\"768\" height=\"1024\" src=\"https:\/\/sebetanne.co.uk\/hkblog\/wp-content\/uploads\/2019\/03\/20190212_094-768x1024.jpg\" alt=\"\" class=\"wp-image-1688\" srcset=\"https:\/\/sebetanne.co.uk\/hkblog\/wp-content\/uploads\/2019\/03\/20190212_094-768x1024.jpg 768w, https:\/\/sebetanne.co.uk\/hkblog\/wp-content\/uploads\/2019\/03\/20190212_094-225x300.jpg 225w\" sizes=\"auto, (max-width: 768px) 100vw, 768px\" \/><\/a><figcaption>It was quite crowded! \/ <em>Beaucoup de monde<\/em><\/figcaption><\/figure>\n\n\n\n<p>The rainforest attraction goes over another attraction where people are in circular boats. And we can fire some water cannons at them. That&#8217;s a very good one!<\/p>\n\n\n\n<p style=\"text-align:right\"><em>L&#8217;attraction de la for\u00eat vierge passe au-dessus d\u2019une autre attraction o\u00f9 les gens sont dans des bateaux circulaires. Et nous pouvons leur tirer dessus avec des canons \u00e0 eau. C\u2019est tr\u00e8s rigolo !<\/em><\/p>\n\n\n\n<figure class=\"wp-block-image\"><a href=\"blob:https:\/\/sebetanne.co.uk\/9a4fef07-e493-42c7-ae7d-8c02c38cdd1a\"><img loading=\"lazy\" decoding=\"async\" width=\"1024\" height=\"768\" src=\"https:\/\/sebetanne.co.uk\/hkblog\/wp-content\/uploads\/2019\/03\/20190212_102-1024x768.jpg\" alt=\"\" class=\"wp-image-1690\" srcset=\"https:\/\/sebetanne.co.uk\/hkblog\/wp-content\/uploads\/2019\/03\/20190212_102-1024x768.jpg 1024w, https:\/\/sebetanne.co.uk\/hkblog\/wp-content\/uploads\/2019\/03\/20190212_102-300x225.jpg 300w, https:\/\/sebetanne.co.uk\/hkblog\/wp-content\/uploads\/2019\/03\/20190212_102-768x576.jpg 768w\" sizes=\"auto, (max-width: 1024px) 100vw, 1024px\" \/><\/a><\/figure>\n\n\n\n<p>The park has some spectacular views across the sea. After seeing all the animals, we decided to bite the bullet and go to the famous roller coaster Alex wanted to do: the &#8216;Hair Raiser&#8217;.  So we went back up and took the cable car this time. Fantastic views! But the car stopped twice. No apparent reasons. But Alex is afraid of height and he was starting to panic in the egg thinking he was going to drop and die.<\/p>\n\n\n\n<p style=\"text-align:right\"><em>Il y a des panoramas spectaculaires sur la mer. Apr\u00e8s avoir vu tous les animaux, nous avons d\u00e9cid\u00e9 de nous rendre aux fameuses montagnes russes qu\u2019Alex voulait faire : le &#8220;Hair Raiser&#8221;. Nous sommes donc remont\u00e9s en t\u00e9l\u00e9ph\u00e9rique cette fois-ci. Une vue fantastique ! Mais le t\u00e9l\u00e9ph\u00e9rique s&#8217;est arr\u00eat\u00e9 deux fois. Sans raison apparente. Mais Alex qui a peur du vide a commenc\u00e9 \u00e0 paniquer en pensant qu&#8217;il allait tomber et mourir.<\/em><\/p>\n\n\n\n<figure class=\"wp-block-image\"><a href=\"blob:https:\/\/sebetanne.co.uk\/b5a06cfa-b9a3-40a0-90f6-ad8b066e59c5\"><img loading=\"lazy\" decoding=\"async\" width=\"768\" height=\"1024\" src=\"https:\/\/sebetanne.co.uk\/hkblog\/wp-content\/uploads\/2019\/03\/20190212_104-768x1024.jpg\" alt=\"\" class=\"wp-image-1693\" srcset=\"https:\/\/sebetanne.co.uk\/hkblog\/wp-content\/uploads\/2019\/03\/20190212_104-768x1024.jpg 768w, https:\/\/sebetanne.co.uk\/hkblog\/wp-content\/uploads\/2019\/03\/20190212_104-225x300.jpg 225w\" sizes=\"auto, (max-width: 768px) 100vw, 768px\" \/><\/a><\/figure>\n\n\n\n<p>There was still 45 minutes queue for the &#8216;Hair Raiser&#8217;. Once again, Emilie was too small so Alex went by himself. He was a bit shy to queue on his own. In the end, he loved it but thought it was really scary nonetheless. Meanwhile, Emilie and I went to the &#8216;Eagle&#8217;, a big pole with eggs attached to it (you go up, you turn and you&#8217;re down). Emilie did it 5 times in a row!<\/p>\n\n\n\n<p style=\"text-align:right\"><em>Il y avait encore 45 minutes d&#8217;attente pour le \u00abHair Raiser\u00bb. Encore une fois, Emilie \u00e9tait trop petite et Alex y est all\u00e9 tout seul. Il avait un peu peur de faire la queue tout seul. Au final, il a ador\u00e9 l\u2019attraction  mais c&#8217;\u00e9tait quand m\u00eame vraiment effrayant. Pendant ce temps, Emilie et moi-m\u00eame sommes all\u00e9es \u00e0 l\u2019Aigle, un grand poteau avec des \u0153ufs qui y sont attach\u00e9s (vous montez, vous tournez et vous redescendez). Emilie l&#8217;a fait 5 fois de suite !<\/em><\/p>\n\n\n\n<figure class=\"wp-block-image\"><a href=\"blob:https:\/\/sebetanne.co.uk\/059d9f53-fa9b-408d-8fa4-b3dcfd3ed027\"><img loading=\"lazy\" decoding=\"async\" width=\"768\" height=\"1024\" src=\"https:\/\/sebetanne.co.uk\/hkblog\/wp-content\/uploads\/2019\/03\/20190212_075-768x1024.jpg\" alt=\"\" class=\"wp-image-1692\" srcset=\"https:\/\/sebetanne.co.uk\/hkblog\/wp-content\/uploads\/2019\/03\/20190212_075-768x1024.jpg 768w, https:\/\/sebetanne.co.uk\/hkblog\/wp-content\/uploads\/2019\/03\/20190212_075-225x300.jpg 225w\" sizes=\"auto, (max-width: 768px) 100vw, 768px\" \/><\/a><figcaption>The entrance to the Hair Raiser \/ <em>L&#8217;entr\u00e9e du Hair Raise<\/em>r<\/figcaption><\/figure>\n\n\n\n<ul class=\"wp-block-gallery columns-3 is-cropped wp-block-gallery-1 is-layout-flex wp-block-gallery-is-layout-flex\"><li class=\"blocks-gallery-item\"><figure><a href=\"https:\/\/sebetanne.co.uk\/hkblog\/wp-content\/uploads\/2019\/03\/20190212_093-768x1024.jpg\"><img loading=\"lazy\" decoding=\"async\" width=\"768\" height=\"1024\" src=\"https:\/\/sebetanne.co.uk\/hkblog\/wp-content\/uploads\/2019\/03\/20190212_093-768x1024.jpg\" alt=\"\" data-id=\"1694\" data-link=\"https:\/\/sebetanne.co.uk\/hkblog\/?attachment_id=1694\" class=\"wp-image-1694\" srcset=\"https:\/\/sebetanne.co.uk\/hkblog\/wp-content\/uploads\/2019\/03\/20190212_093-768x1024.jpg 768w, https:\/\/sebetanne.co.uk\/hkblog\/wp-content\/uploads\/2019\/03\/20190212_093-225x300.jpg 225w\" sizes=\"auto, (max-width: 768px) 100vw, 768px\" \/><\/a><\/figure><\/li><li class=\"blocks-gallery-item\"><figure><a href=\"https:\/\/sebetanne.co.uk\/hkblog\/wp-content\/uploads\/2019\/03\/20190212_103-768x1024.jpg\"><img loading=\"lazy\" decoding=\"async\" width=\"768\" height=\"1024\" src=\"https:\/\/sebetanne.co.uk\/hkblog\/wp-content\/uploads\/2019\/03\/20190212_103-768x1024.jpg\" alt=\"\" data-id=\"1695\" data-link=\"https:\/\/sebetanne.co.uk\/hkblog\/?attachment_id=1695\" class=\"wp-image-1695\" srcset=\"https:\/\/sebetanne.co.uk\/hkblog\/wp-content\/uploads\/2019\/03\/20190212_103-768x1024.jpg 768w, https:\/\/sebetanne.co.uk\/hkblog\/wp-content\/uploads\/2019\/03\/20190212_103-225x300.jpg 225w\" sizes=\"auto, (max-width: 768px) 100vw, 768px\" \/><\/a><\/figure><\/li><li class=\"blocks-gallery-item\"><figure><a href=\"https:\/\/sebetanne.co.uk\/hkblog\/wp-content\/uploads\/2019\/03\/20190212_105-768x1024.jpg\"><img loading=\"lazy\" decoding=\"async\" width=\"768\" height=\"1024\" src=\"https:\/\/sebetanne.co.uk\/hkblog\/wp-content\/uploads\/2019\/03\/20190212_105-768x1024.jpg\" alt=\"\" data-id=\"1696\" data-link=\"https:\/\/sebetanne.co.uk\/hkblog\/?attachment_id=1696\" class=\"wp-image-1696\" srcset=\"https:\/\/sebetanne.co.uk\/hkblog\/wp-content\/uploads\/2019\/03\/20190212_105-768x1024.jpg 768w, https:\/\/sebetanne.co.uk\/hkblog\/wp-content\/uploads\/2019\/03\/20190212_105-225x300.jpg 225w\" sizes=\"auto, (max-width: 768px) 100vw, 768px\" \/><\/a><\/figure><\/li><\/ul>\n\n\n\n<p>It was nearly closing time. We went to the gift shop and bought a couple of t-shirts and we were on our way back home. We walked nearly 20,000 steps during the day and we were exhausted but happy. The rides are not spectacular or very scary but there are a lot of animals, which makes this park so popular for the whole family.<\/p>\n\n\n\n<p style=\"text-align:right\"><em>C&#8217;\u00e9tait presque l&#8217;heure de la fermeture. Nous sommes all\u00e9s \u00e0 la boutique de cadeaux et avons achet\u00e9 deux t-shirts et nous sommes rentr\u00e9s \u00e0 la maison. Nous avons fait pr\u00e8s de 20 000 pas pendant la journ\u00e9e et nous \u00e9tions \u00e9puis\u00e9s mais heureux. Les man\u00e8ges ne sont pas tr\u00e8s spectaculaires ou effrayants, mais il y a beaucoup d&#8217;animaux, ce qui rend ce parc si populaire pour toute la famille.<\/em><\/p>\n\n\n\n<figure class=\"wp-block-image\"><a href=\"blob:https:\/\/sebetanne.co.uk\/3a312191-0039-4c8a-95ed-8344095804eb\"><img loading=\"lazy\" decoding=\"async\" width=\"768\" height=\"1024\" src=\"https:\/\/sebetanne.co.uk\/hkblog\/wp-content\/uploads\/2019\/03\/20190212_106-768x1024.jpg\" alt=\"\" class=\"wp-image-1697\" srcset=\"https:\/\/sebetanne.co.uk\/hkblog\/wp-content\/uploads\/2019\/03\/20190212_106-768x1024.jpg 768w, https:\/\/sebetanne.co.uk\/hkblog\/wp-content\/uploads\/2019\/03\/20190212_106-225x300.jpg 225w\" sizes=\"auto, (max-width: 768px) 100vw, 768px\" \/><\/a><figcaption>One last look before we left \/ <em>Une derni\u00e8re photo avant de parti<\/em>r<\/figcaption><\/figure>\n\n\n\n<p><\/p>\n","protected":false},"excerpt":{"rendered":"<p>We finally went to Ocean Park. Emilie has been asking to go since we arrived in August. I thought there[&#8230;]<\/p>\n","protected":false},"author":1,"featured_media":1670,"parent":1737,"menu_order":3,"comment_status":"closed","ping_status":"closed","template":"template-fullwidth.php","meta":{"footnotes":""},"class_list":["post-1669","page","type-page","status-publish","has-post-thumbnail","hentry"],"post_mailing_queue_ids":[],"_links":{"self":[{"href":"https:\/\/sebetanne.co.uk\/hkblog\/wp-json\/wp\/v2\/pages\/1669","targetHints":{"allow":["GET"]}}],"collection":[{"href":"https:\/\/sebetanne.co.uk\/hkblog\/wp-json\/wp\/v2\/pages"}],"about":[{"href":"https:\/\/sebetanne.co.uk\/hkblog\/wp-json\/wp\/v2\/types\/page"}],"author":[{"embeddable":true,"href":"https:\/\/sebetanne.co.uk\/hkblog\/wp-json\/wp\/v2\/users\/1"}],"replies":[{"embeddable":true,"href":"https:\/\/sebetanne.co.uk\/hkblog\/wp-json\/wp\/v2\/comments?post=1669"}],"version-history":[{"count":1,"href":"https:\/\/sebetanne.co.uk\/hkblog\/wp-json\/wp\/v2\/pages\/1669\/revisions"}],"predecessor-version":[{"id":33528,"href":"https:\/\/sebetanne.co.uk\/hkblog\/wp-json\/wp\/v2\/pages\/1669\/revisions\/33528"}],"up":[{"embeddable":true,"href":"https:\/\/sebetanne.co.uk\/hkblog\/wp-json\/wp\/v2\/pages\/1737"}],"wp:featuredmedia":[{"embeddable":true,"href":"https:\/\/sebetanne.co.uk\/hkblog\/wp-json\/wp\/v2\/media\/1670"}],"wp:attachment":[{"href":"https:\/\/sebetanne.co.uk\/hkblog\/wp-json\/wp\/v2\/media?parent=1669"}],"curies":[{"name":"wp","href":"https:\/\/api.w.org\/{rel}","templated":true}]}}