{"id":10268,"date":"2022-06-21T12:45:40","date_gmt":"2022-06-21T12:45:40","guid":{"rendered":"https:\/\/sebetanne.co.uk\/hkblog\/?page_id=10268"},"modified":"2022-07-07T13:23:45","modified_gmt":"2022-07-07T13:23:45","slug":"jewish-cemetery-03-05-2022","status":"publish","type":"page","link":"https:\/\/sebetanne.co.uk\/hkblog\/gallery-photos\/hong-kong\/2022-2\/jewish-cemetery-03-05-2022\/","title":{"rendered":"Jewish Cemetery &#8211; 03-05-2022"},"content":{"rendered":"\n<p>For those who don&#8217;t know, I like going to cemeteries. I find the atmosphere serene and I like thinking about those who rest there. I never went to a Jewish cemetery before and I was curious to see how different or similar it was to catholic ones. Besides, one of the first strolls I did when I arrived in Hong Kong included this cemetery but I didn&#8217;t find it at the time. Hence, this place was on my bucket list to do before leaving HK. It is tucked away between buildings in busy Happy Valley, a haven of calm and peace.<\/p>\n\n\n\n<p class=\"has-text-align-right\"><em>Pour ceux qui ne savent pas, j&#8217;aime aller dans les cimeti\u00e8res. Je trouve l&#8217;ambiance sereine et j&#8217;aime penser \u00e0 ceux qui s&#8217;y reposent. Je n&#8217;\u00e9tais jamais all\u00e9 dans un cimeti\u00e8re juif avant et j&#8217;\u00e9tais curieuse de voir les diff\u00e9rences par rapport aux cimeti\u00e8res catholiques. De plus,  ce cimeti\u00e8re \u00e9tait sur le parcours d&#8217;une des premi\u00e8res balades que j&#8217;ai faites en arrivant \u00e0 Hong Kong mais je ne l&#8217;avais pas trouv\u00e9 \u00e0 l&#8217;\u00e9poque. C&#8217;est pourquoi il \u00e9tait sur ma liste de choses \u00e0 faire avant de quitter HK. Il est nich\u00e9 entre des immeubles dans la tr\u00e8s anim\u00e9e Happy Valley, un havre de calme et de paix.<\/em><\/p>\n\n\n\n<figure class=\"wp-block-gallery has-nested-images columns-3 is-cropped wp-block-gallery-1 is-layout-flex wp-block-gallery-is-layout-flex\">\n<figure class=\"wp-block-image size-large\"><a href=\"https:\/\/sebetanne.co.uk\/hkblog\/wp-content\/uploads\/2022\/07\/20220503_151316-Copy-scaled.jpg\"><img loading=\"lazy\" decoding=\"async\" width=\"1024\" height=\"768\" data-id=\"10548\" src=\"https:\/\/sebetanne.co.uk\/hkblog\/wp-content\/uploads\/2022\/07\/20220503_151316-Copy-1024x768.jpg\" alt=\"\" class=\"wp-image-10548\" srcset=\"https:\/\/sebetanne.co.uk\/hkblog\/wp-content\/uploads\/2022\/07\/20220503_151316-Copy-1024x768.jpg 1024w, https:\/\/sebetanne.co.uk\/hkblog\/wp-content\/uploads\/2022\/07\/20220503_151316-Copy-300x225.jpg 300w, https:\/\/sebetanne.co.uk\/hkblog\/wp-content\/uploads\/2022\/07\/20220503_151316-Copy-768x576.jpg 768w, https:\/\/sebetanne.co.uk\/hkblog\/wp-content\/uploads\/2022\/07\/20220503_151316-Copy-1536x1152.jpg 1536w, https:\/\/sebetanne.co.uk\/hkblog\/wp-content\/uploads\/2022\/07\/20220503_151316-Copy-2048x1536.jpg 2048w\" sizes=\"auto, (max-width: 1024px) 100vw, 1024px\" \/><\/a><\/figure>\n\n\n\n<figure class=\"wp-block-image size-large\"><a href=\"https:\/\/sebetanne.co.uk\/hkblog\/wp-content\/uploads\/2022\/07\/20220503_151331-Copy.jpg\"><img loading=\"lazy\" decoding=\"async\" width=\"768\" height=\"1024\" data-id=\"10556\" src=\"https:\/\/sebetanne.co.uk\/hkblog\/wp-content\/uploads\/2022\/07\/20220503_151331-Copy-768x1024.jpg\" alt=\"\" class=\"wp-image-10556\" srcset=\"https:\/\/sebetanne.co.uk\/hkblog\/wp-content\/uploads\/2022\/07\/20220503_151331-Copy-768x1024.jpg 768w, https:\/\/sebetanne.co.uk\/hkblog\/wp-content\/uploads\/2022\/07\/20220503_151331-Copy-225x300.jpg 225w, https:\/\/sebetanne.co.uk\/hkblog\/wp-content\/uploads\/2022\/07\/20220503_151331-Copy-1152x1536.jpg 1152w, https:\/\/sebetanne.co.uk\/hkblog\/wp-content\/uploads\/2022\/07\/20220503_151331-Copy-1536x2048.jpg 1536w, https:\/\/sebetanne.co.uk\/hkblog\/wp-content\/uploads\/2022\/07\/20220503_151331-Copy.jpg 1875w\" sizes=\"auto, (max-width: 768px) 100vw, 768px\" \/><\/a><\/figure>\n\n\n\n<figure class=\"wp-block-image size-large\"><a href=\"https:\/\/sebetanne.co.uk\/hkblog\/wp-content\/uploads\/2022\/06\/20220503_151427-scaled.jpg\"><img loading=\"lazy\" decoding=\"async\" width=\"768\" height=\"1024\" data-id=\"10276\" src=\"https:\/\/sebetanne.co.uk\/hkblog\/wp-content\/uploads\/2022\/06\/20220503_151427-768x1024.jpg\" alt=\"\" class=\"wp-image-10276\" srcset=\"https:\/\/sebetanne.co.uk\/hkblog\/wp-content\/uploads\/2022\/06\/20220503_151427-768x1024.jpg 768w, https:\/\/sebetanne.co.uk\/hkblog\/wp-content\/uploads\/2022\/06\/20220503_151427-225x300.jpg 225w, https:\/\/sebetanne.co.uk\/hkblog\/wp-content\/uploads\/2022\/06\/20220503_151427-1152x1536.jpg 1152w, https:\/\/sebetanne.co.uk\/hkblog\/wp-content\/uploads\/2022\/06\/20220503_151427-1536x2048.jpg 1536w, https:\/\/sebetanne.co.uk\/hkblog\/wp-content\/uploads\/2022\/06\/20220503_151427-scaled.jpg 1920w\" sizes=\"auto, (max-width: 768px) 100vw, 768px\" \/><\/a><\/figure>\n\n\n\n<figure class=\"wp-block-image size-large\"><a href=\"https:\/\/sebetanne.co.uk\/hkblog\/wp-content\/uploads\/2022\/07\/20220503_151552-Copy.jpg\"><img loading=\"lazy\" decoding=\"async\" width=\"768\" height=\"1024\" data-id=\"10565\" src=\"https:\/\/sebetanne.co.uk\/hkblog\/wp-content\/uploads\/2022\/07\/20220503_151552-Copy-768x1024.jpg\" alt=\"\" class=\"wp-image-10565\" srcset=\"https:\/\/sebetanne.co.uk\/hkblog\/wp-content\/uploads\/2022\/07\/20220503_151552-Copy-768x1024.jpg 768w, https:\/\/sebetanne.co.uk\/hkblog\/wp-content\/uploads\/2022\/07\/20220503_151552-Copy-225x300.jpg 225w, https:\/\/sebetanne.co.uk\/hkblog\/wp-content\/uploads\/2022\/07\/20220503_151552-Copy-1152x1536.jpg 1152w, https:\/\/sebetanne.co.uk\/hkblog\/wp-content\/uploads\/2022\/07\/20220503_151552-Copy-1536x2048.jpg 1536w, https:\/\/sebetanne.co.uk\/hkblog\/wp-content\/uploads\/2022\/07\/20220503_151552-Copy.jpg 1875w\" sizes=\"auto, (max-width: 768px) 100vw, 768px\" \/><\/a><\/figure>\n\n\n\n<figure class=\"wp-block-image size-large\"><a href=\"https:\/\/sebetanne.co.uk\/hkblog\/wp-content\/uploads\/2022\/07\/20220503_152205-Copy-scaled.jpg\"><img loading=\"lazy\" decoding=\"async\" width=\"768\" height=\"1024\" data-id=\"10566\" src=\"https:\/\/sebetanne.co.uk\/hkblog\/wp-content\/uploads\/2022\/07\/20220503_152205-Copy-768x1024.jpg\" alt=\"\" class=\"wp-image-10566\" srcset=\"https:\/\/sebetanne.co.uk\/hkblog\/wp-content\/uploads\/2022\/07\/20220503_152205-Copy-768x1024.jpg 768w, https:\/\/sebetanne.co.uk\/hkblog\/wp-content\/uploads\/2022\/07\/20220503_152205-Copy-225x300.jpg 225w, https:\/\/sebetanne.co.uk\/hkblog\/wp-content\/uploads\/2022\/07\/20220503_152205-Copy-1152x1536.jpg 1152w, https:\/\/sebetanne.co.uk\/hkblog\/wp-content\/uploads\/2022\/07\/20220503_152205-Copy-1536x2048.jpg 1536w, https:\/\/sebetanne.co.uk\/hkblog\/wp-content\/uploads\/2022\/07\/20220503_152205-Copy-scaled.jpg 1920w\" sizes=\"auto, (max-width: 768px) 100vw, 768px\" \/><\/a><\/figure>\n\n\n\n<figure class=\"wp-block-image size-large\"><a href=\"https:\/\/sebetanne.co.uk\/hkblog\/wp-content\/uploads\/2022\/07\/20220503_152311-Copy.jpg\"><img loading=\"lazy\" decoding=\"async\" width=\"768\" height=\"1024\" data-id=\"10567\" src=\"https:\/\/sebetanne.co.uk\/hkblog\/wp-content\/uploads\/2022\/07\/20220503_152311-Copy-768x1024.jpg\" alt=\"\" class=\"wp-image-10567\" srcset=\"https:\/\/sebetanne.co.uk\/hkblog\/wp-content\/uploads\/2022\/07\/20220503_152311-Copy-768x1024.jpg 768w, https:\/\/sebetanne.co.uk\/hkblog\/wp-content\/uploads\/2022\/07\/20220503_152311-Copy-225x300.jpg 225w, https:\/\/sebetanne.co.uk\/hkblog\/wp-content\/uploads\/2022\/07\/20220503_152311-Copy-1152x1536.jpg 1152w, https:\/\/sebetanne.co.uk\/hkblog\/wp-content\/uploads\/2022\/07\/20220503_152311-Copy-1536x2048.jpg 1536w, https:\/\/sebetanne.co.uk\/hkblog\/wp-content\/uploads\/2022\/07\/20220503_152311-Copy.jpg 1875w\" sizes=\"auto, (max-width: 768px) 100vw, 768px\" \/><\/a><\/figure>\n<\/figure>\n","protected":false},"excerpt":{"rendered":"<p>For those who don&#8217;t know, I like going to cemeteries. I find the atmosphere serene and I like thinking about[&#8230;]<\/p>\n","protected":false},"author":1,"featured_media":10563,"parent":10544,"menu_order":1,"comment_status":"open","ping_status":"closed","template":"template-fullwidth.php","meta":{"footnotes":""},"class_list":["post-10268","page","type-page","status-publish","has-post-thumbnail","hentry"],"post_mailing_queue_ids":[],"_links":{"self":[{"href":"https:\/\/sebetanne.co.uk\/hkblog\/wp-json\/wp\/v2\/pages\/10268","targetHints":{"allow":["GET"]}}],"collection":[{"href":"https:\/\/sebetanne.co.uk\/hkblog\/wp-json\/wp\/v2\/pages"}],"about":[{"href":"https:\/\/sebetanne.co.uk\/hkblog\/wp-json\/wp\/v2\/types\/page"}],"author":[{"embeddable":true,"href":"https:\/\/sebetanne.co.uk\/hkblog\/wp-json\/wp\/v2\/users\/1"}],"replies":[{"embeddable":true,"href":"https:\/\/sebetanne.co.uk\/hkblog\/wp-json\/wp\/v2\/comments?post=10268"}],"version-history":[{"count":5,"href":"https:\/\/sebetanne.co.uk\/hkblog\/wp-json\/wp\/v2\/pages\/10268\/revisions"}],"predecessor-version":[{"id":10574,"href":"https:\/\/sebetanne.co.uk\/hkblog\/wp-json\/wp\/v2\/pages\/10268\/revisions\/10574"}],"up":[{"embeddable":true,"href":"https:\/\/sebetanne.co.uk\/hkblog\/wp-json\/wp\/v2\/pages\/10544"}],"wp:featuredmedia":[{"embeddable":true,"href":"https:\/\/sebetanne.co.uk\/hkblog\/wp-json\/wp\/v2\/media\/10563"}],"wp:attachment":[{"href":"https:\/\/sebetanne.co.uk\/hkblog\/wp-json\/wp\/v2\/media?parent=10268"}],"curies":[{"name":"wp","href":"https:\/\/api.w.org\/{rel}","templated":true}]}}